t y = q + -15. What are the prime factors of y?
3, 5
Suppose -2*j + 6 = 2*v, 2 = j - 0. List the prime factors of v + 28 + 2 + -3.
2, 7
List the prime factors of (-3)/9 + 164/6.
3
List the prime factors of (124/6)/((-2)/(-9)).
3, 31
Let m be (-10)/(-35) + (-38)/(-14). Suppose -59 + m = -2*w. List the prime factors of w.
2, 7
Suppose 1 + 11 = k. What are the prime factors of k?
2, 3
Suppose 2*w + 4*b - 17 = -w, 3*w - 5*b + 1 = 0. Let k be ((-24)/18)/(4/(-30)). Suppose w*s - 2*c - 34 = 5, -2*s + k = 4*c. List the prime factors of s.
11
Let s = -24 + 37. Suppose -3*n + s = -2*n. List the prime factors of n.
13
What are the prime factors of ((-2)/(-5))/(3/195)?
2, 13
Suppose 0 = 4*v - 4*n - 76, -2*v - 3*n = v - 51. What are the prime factors of v?
2, 3
Let o(q) = q**2 - 3*q + 1. Let t be o(4). Let i = -6 + 9. List the prime factors of t/i - (-3)/9.
2
Suppose s = -4*s. Suppose 4*c - 48 = -s. What are the prime factors of c*(-3)/((-18)/4)?
2
Let g = 60 - 33. List the prime factors of g.
3
Suppose g - 3 = -4. Let p be ((-5)/4)/(g/4). Suppose -s + 15 = 2*s + 4*x, -5*x = p*s - 25. What are the prime factors of s?
5
Suppose -3*u = -5*s - 36, -2*u - 4*s = -s - 24. What are the prime factors of u?
2, 3
Suppose 5*w - 121 = -x, 2*w + 273 = 3*x - w. Suppose -x = f - 4*f. Suppose 2*v = 6*v - f. What are the prime factors of v?
2
Let l(y) = y**3 - 5*y**2 + y - 2. Let m be l(5). Suppose j - 4 = -m*j. Suppose 27 - j = 2*g. What are the prime factors of g?
13
Let v(n) = -n**3 - 9*n**2 + 12. List the prime factors of v(-9).
2, 3
Suppose -2*z + 7*z - 4*i = 405, 0 = i + 5. Let f = z + -55. List the prime factors of f.
2, 11
Let k(l) = l + 9. What are the prime factors of k(20)?
29
Let u(z) = z**3 + 17*z**2 + 32*z - 31. List the prime factors of u(-14).
109
Let p(z) = 11*z**2 + 5. Let q(g) = 32*g**2 + 14. Let j(u) = -11*p(u) + 4*q(u). List the prime factors of j(1).
2
Suppose -4*p + 3 = -3*p. Suppose p*g + 6 = 0, y - 16 = -0*y - g. List the prime factors of y.
2, 3
Suppose -4*d = 3*z - 109, -23 = -2*d - 2*z + 29. What are the prime factors of d?
31
Let r(t) = -t**3 + 3*t**2 + 8*t + 1. What are the prime factors of r(-2)?
5
Let g(x) = -x**2. Let m be g(1). Let q = m - -10. Let t = q + -3. List the prime factors of t.
2, 3
Suppose -4*x + 20 = -0. Suppose 6 = -2*f, -50 + 15 = -5*r - x*f. What are the prime factors of r?
2, 5
Suppose -7*w - 34 = -4*w - 4*k, 4*w = -k - 20. Let n(v) = -2*v - 3 + 3. List the prime factors of n(w).
2, 3
Suppose -b = -0*b - 2. Let m be (1 - (-15)/(-6))*b. List the prime factors of ((-14)/m)/((-2)/(-3)).
7
Let g be ((-8)/3)/(4/(-6)). Suppose g*y - 2 = 14. List the prime factors of y.
2
List the prime factors of (-9)/((-108)/1875) - (-6)/8.
157
Let a(r) be the first derivative of 2 + 5*r + 1/3*r**3 + 0*r**2. What are the prime factors of a(0)?
5
Let u = 231 - -76. List the prime factors of u.
307
Suppose j + 110 = 2*j + 3*w, w - 385 = -4*j. Suppose -5*s + s + 20 = 0. Suppose s*i - 3*t - j = 0, 0*t + 10 = -2*t. What are the prime factors of i?
2
Suppose 2*w + 7 = 45. List the prime factors of w.
19
Let u(j) = 2*j + 8. Let g be u(6). Suppose 5*i - 94 = 2*x, x = i - 0*x - g. Let n = i + -13. What are the prime factors of n?
5
Let o be 122/14 - (-4)/14. Suppose -1 = 2*z - o. List the prime factors of z.
2
Let z = 52 - 100. Let o = -17 - z. Suppose 0 = -3*t - 4*b + 30, 5*t = -5*b + 14 + o. What are the prime factors of t?
2, 3
Let y(q) = -q**3 + 4*q**2 - q. Suppose -5*k = 4*v - 25 - 2, 3*v = -4*k + 21. Let p be y(k). Let x(w) = w**2 - 7*w + 9. List the prime factors of x(p).
3
What are the prime factors of (124 - 2) + (28/(-4) - -4)?
7, 17
Let f(z) = -z**3 + 9*z**2 + 9*z + 10. Let h be f(10). Suppose -3*i + 41 = -4*x, -5*i - x + 0*x + 76 = h. What are the prime factors of i?
3, 5
Let z be 14*(-14 + 0/1). List the prime factors of 2/4 - z/8.
5
Let c(v) be the first derivative of 10*v**3/3 + v**2/2 - 3. List the prime factors of c(1).
11
What are the prime factors of 3 - 5/(5/(-73))?
2, 19
Suppose 605 = 5*j - 2*c + 3*c, 4*j - c - 493 = 0. List the prime factors of j.
2, 61
Let t(j) = j**3 - j. Let z be t(-1). Suppose z = 4*h - 115 + 43. What are the prime factors of h?
2, 3
Let l(f) = 3*f + 2. Let r be l(-2). Let v = r + 16. List the prime factors of v.
2, 3
Suppose 3*s - 300 = 7*s. What are the prime factors of s/(-9)*3 - -3?
2, 7
Let x(i) = 5*i - 10. Let c be (1/(-3))/(1/(-27)). What are the prime factors of x(c)?
5, 7
Let l = 249 + -137. What are the prime factors of l?
2, 7
Let g = 12 - -25. List the prime factors of g.
37
Let h = 3 - 1. Suppose h*v - 28 = -4*r, 5*v = -4*r + 21 + 13. Suppose x - 3*o = r, -2*x = -4*x - o + 26. List the prime factors of x.
2, 3
Let i(u) be the second derivative of u**5/20 + 2*u**4/3 + u**3 + 7*u**2/2 + 2*u. What are the prime factors of i(-7)?
2, 7
Suppose -4*x + 198 = -782. Suppose x = -0*l + 5*l. Suppose 4*i - l + 5 = 0. What are the prime factors of i?
11
Let q(j) = -1. Suppose -a - 3*a = -12. Let y(i) = i - 9. Let u(n) = a*q(n) - y(n). List the prime factors of u(-6).
2, 3
Suppose 0 = q + 79 - 19. Suppose 4*b + 4 = 0, 5*v - 4*b = -12 - 9. List the prime factors of ((-8)/v)/((-8)/q).
2, 3
Let o = -19 - -15. Let d(g) = g**3 + 6*g**2 + 3*g + 2. List the prime factors of d(o).
2, 11
Suppose 0 = -3*k + 4*d + 169, 0 = -4*k + 5*d + 21 + 203. What are the prime factors of k?
3, 17
Let d(i) = 6*i - 4. What are the prime factors of d(6)?
2
Let a be 6/9*(-42)/(-2). Suppose 3*z = 6, 0 = q + 2*q + 4*z - a. Suppose 5*y = -2*d - 9, -5*d + q*y + 9 = -12. List the prime factors of d.
3
Suppose 5*n = -3*b + 233, 3*b + 46 = n - 15. What are the prime factors of n?
7
Suppose j + 2*j + 3 = 0. Let g = -4 - -14. Let v = g - j. What are the prime factors of v?
11
Let m(o) = 356*o**2 + 11*o - 12. What are the prime factors of m(1)?
5, 71
Suppose 4*j = -5*k + 4 + 8, k = j - 3. Suppose v + 0*v - 36 = k. Suppose 0 = 5*w - 4 - v. What are the prime factors of w?
2
Suppose -2*q + 116 = -0*q. What are the prime factors of q?
2, 29
Let k(s) = s**2 - 2*s - 1. Let i be k(-1). Suppose -4*y + 53 = -g, 5*y = -i*g + 1 + 49. List the prime factors of y.
2, 3
Let j = 48 + -18. Suppose 3*k - j = 2*k. Suppose -k = -3*b - 0. What are the prime factors of b?
2, 5
Suppose 3*j - 30 - 26 = 4*p, j - 5*p = 26. Let b = j + -9. What are the prime factors of b?
7
Let j(t) = -2*t + 17. Let g be j(-12). Let h = -63 - -107. Suppose 5*k = g + h. List the prime factors of k.
17
Suppose 11*j - 7*j - 748 = 0. What are the prime factors of j?
11, 17
Let o(a) be the first derivative of a**3/3 - 2*a**2 + 5*a + 1. Let p be o(5). Suppose -w = -6*w + p. What are the prime factors of w?
2
Let i(v) = 14*v + 4. Let h be i(-3). What are the prime factors of (0 + -3 - h) + -1?
2, 17
Let l(f) = f**3 + 4*f**2 - 2*f + 3. Suppose 0 = -4*p + 7*p + 12. Let h be l(p). Suppose -3*w + h = -n, -21 = -4*w + w + 3*n. List the prime factors of w.
2
Let y = -73 - -85. List the prime factors of y.
2, 3
Let r = 35 - 12. List the prime factors of r.
23
Let b = 61 - 0. List the prime factors of b.
61
Let u(n) be the third derivative of -n**6/120 - n**5/30 + n**4/4 + n**3 - 2*n**2. Let k be u(-4). Suppose -10 - k = -2*q. List the prime factors of q.
2, 3
List the prime factors of (-3)/3*(-1 + -108).
109
Let k = -17 + 37. Suppose 0*t = t - k. Suppose -5*x - 2*o + t = 0, -4*o + 3 = -4*x - 9. What are the prime factors of x?
2
Suppose -17 + 116 = v. What are the prime factors of v?
3, 11
Suppose 2*u = -3*c + 811, 0 = -2*c - 2*c + 12. List the prime factors of u.
401
Suppose 4*l = 4*x + 216, l - 25 = -3*x + 21. List the prime factors of l.
2, 13
Let n be (-1 - -3 - 1)/(-1). List the prime factors of (24/9)/(n/(-3)).
2
Suppose 0 = -2*p - p + 3*r + 15, -5*p - 3*r + 25 = 0. Let a be 2 + -2 - p*-5. Let k = -15 + a. What are the prime factors of k?
2, 5
Let y(h) = -4*h + 9. List the prime factors of y(-4).
5
Suppose -2*s + 40 = -7*s. Let t = s + 13. Suppose 4*o - 2*w = 50, 5*o = -t*w + 13 + 27. What are the prime factors of o?
11
Let j(h) be the third derivative of -h**5/60 + h**4/8 + 2*h**3/3 - 2*h**2. Suppose -5*t - 2*m = -17, 0 = -4*t - 3*m + 1 + 14. List the prime factors of j(t).
2
Let z(q) = q**2 + q - 8. List the prime factors of z(10).
2, 3, 17
Let y(l) be the third derivative of -l**5/60 + l**4